{"id":810,"date":"2025-09-05T23:13:31","date_gmt":"2025-09-05T23:13:31","guid":{"rendered":"https:\/\/ezolli.org.mx\/?page_id=810"},"modified":"2026-04-04T21:44:23","modified_gmt":"2026-04-04T21:44:23","slug":"servicios","status":"publish","type":"page","link":"https:\/\/ezolli.org.mx\/index.php\/servicios\/","title":{"rendered":"Servicios"},"content":{"rendered":"\n<hr class=\"wp-block-separator alignwide has-alpha-channel-opacity\"\/>\n\n\n\n<h4 class=\"wp-block-heading has-text-align-right\"><mark style=\"background-color:rgba(0, 0, 0, 0);color:#0693e3\" class=\"has-inline-color\">\u00abAntes que curar, debemos aprender a prevenir\u00bb<\/mark><\/h4>\n\n\n\n<hr class=\"wp-block-separator alignwide has-alpha-channel-opacity\"\/>\n\n\n\n<figure class=\"wp-block-image size-large is-resized\"><img loading=\"lazy\" decoding=\"async\" width=\"682\" height=\"1024\" src=\"https:\/\/ezolli.org.mx\/wp-content\/uploads\/2025\/09\/Servicios-1-682x1024.png\" alt=\"\" class=\"wp-image-808\" style=\"width:741px;height:auto\" srcset=\"https:\/\/ezolli.org.mx\/wp-content\/uploads\/2025\/09\/Servicios-1-682x1024.png 682w, https:\/\/ezolli.org.mx\/wp-content\/uploads\/2025\/09\/Servicios-1-200x300.png 200w, https:\/\/ezolli.org.mx\/wp-content\/uploads\/2025\/09\/Servicios-1-768x1152.png 768w, https:\/\/ezolli.org.mx\/wp-content\/uploads\/2025\/09\/Servicios-1-1024x1536.png 1024w, https:\/\/ezolli.org.mx\/wp-content\/uploads\/2025\/09\/Servicios-1.png 1333w\" sizes=\"auto, (max-width: 682px) 100vw, 682px\" \/><\/figure>\n\n\n\n<hr class=\"wp-block-separator has-alpha-channel-opacity is-style-dots\"\/>\n\n\n\n<h3 class=\"wp-block-heading has-text-align-center\">Platicas de ense\u00f1anza y capacitaci\u00f3n<\/h3>\n\n\n\n<figure class=\"wp-block-image size-large is-resized\"><img loading=\"lazy\" decoding=\"async\" width=\"682\" height=\"1024\" src=\"https:\/\/ezolli.org.mx\/wp-content\/uploads\/2025\/09\/2-682x1024.jpg\" alt=\"\" class=\"wp-image-1051\" style=\"width:740px;height:auto\" srcset=\"https:\/\/ezolli.org.mx\/wp-content\/uploads\/2025\/09\/2-682x1024.jpg 682w, https:\/\/ezolli.org.mx\/wp-content\/uploads\/2025\/09\/2-200x300.jpg 200w, https:\/\/ezolli.org.mx\/wp-content\/uploads\/2025\/09\/2-768x1152.jpg 768w, https:\/\/ezolli.org.mx\/wp-content\/uploads\/2025\/09\/2-1024x1536.jpg 1024w, https:\/\/ezolli.org.mx\/wp-content\/uploads\/2025\/09\/2.jpg 1333w\" sizes=\"auto, (max-width: 682px) 100vw, 682px\" \/><\/figure>\n\n\n\n<h4 class=\"wp-block-heading\"><mark style=\"background-color:rgba(0, 0, 0, 0);color:#1D1F25\" class=\"has-inline-color\">Te invitamos a que revises nuestro calendario:<\/mark><mark style=\"background-color:rgba(0, 0, 0, 0);color:#ff6900\" class=\"has-inline-color\"> <\/mark><\/h4>\n\n\n\n<div class=\"wp-block-buttons is-content-justification-right is-layout-flex wp-container-core-buttons-is-layout-d445cf74 wp-block-buttons-is-layout-flex\">\n<div class=\"wp-block-button\"><a class=\"wp-block-button__link wp-element-button\" href=\"https:\/\/ezolli.org.mx\/index.php\/inicio\/\">Calendario 2026<\/a><\/div>\n<\/div>\n\n\n\n<hr class=\"wp-block-separator has-alpha-channel-opacity is-style-dots\"\/>\n\n\n\n<h3 class=\"wp-block-heading has-text-align-center\">Talleres &#8211; Rehabilitaci\u00f3n &#8211; Proyectos<\/h3>\n\n\n\n<figure class=\"wp-block-image size-large is-resized\"><img loading=\"lazy\" decoding=\"async\" width=\"682\" height=\"1024\" src=\"https:\/\/ezolli.org.mx\/wp-content\/uploads\/2025\/09\/3-682x1024.jpg\" alt=\"\" class=\"wp-image-1052\" style=\"width:740px;height:auto\" srcset=\"https:\/\/ezolli.org.mx\/wp-content\/uploads\/2025\/09\/3-682x1024.jpg 682w, https:\/\/ezolli.org.mx\/wp-content\/uploads\/2025\/09\/3-200x300.jpg 200w, https:\/\/ezolli.org.mx\/wp-content\/uploads\/2025\/09\/3-768x1152.jpg 768w, https:\/\/ezolli.org.mx\/wp-content\/uploads\/2025\/09\/3-1024x1536.jpg 1024w, https:\/\/ezolli.org.mx\/wp-content\/uploads\/2025\/09\/3.jpg 1333w\" sizes=\"auto, (max-width: 682px) 100vw, 682px\" \/><\/figure>\n\n\n\n<div class=\"wp-block-uagb-image aligncenter uagb-block-d778d90f wp-block-uagb-image--layout-default wp-block-uagb-image--effect-static wp-block-uagb-image--align-center\"><figure class=\"wp-block-uagb-image__figure\"><img decoding=\"async\" srcset=\"https:\/\/ezolli.org.mx\/wp-content\/uploads\/2025\/09\/Servicios-4-682x1024.png ,https:\/\/ezolli.org.mx\/wp-content\/uploads\/2025\/09\/Servicios-4.png 780w, https:\/\/ezolli.org.mx\/wp-content\/uploads\/2025\/09\/Servicios-4.png 360w\" sizes=\"auto, (max-width: 480px) 150px\" src=\"https:\/\/ezolli.org.mx\/wp-content\/uploads\/2025\/09\/Servicios-4-682x1024.png\" alt=\"\" class=\"uag-image-816\" width=\"738\" height=\"1108\" title=\"Servicios 4\" loading=\"lazy\" role=\"img\"\/><\/figure><\/div>\n\n\n\n<h4 class=\"wp-block-heading\"><mark style=\"background-color:rgba(0, 0, 0, 0);color:#1D1F25\" class=\"has-inline-color\">Te invitamos a que revises nuestro calendario:<\/mark><mark style=\"background-color:rgba(0, 0, 0, 0);color:#ff6900\" class=\"has-inline-color\"> <\/mark><\/h4>\n\n\n\n<div class=\"wp-block-buttons is-content-justification-right is-layout-flex wp-container-core-buttons-is-layout-d445cf74 wp-block-buttons-is-layout-flex\">\n<div class=\"wp-block-button\"><a class=\"wp-block-button__link has-text-align-right wp-element-button\" href=\"https:\/\/ezolli.org.mx\/index.php\/inicio\/\">Calendario 2026<\/a><\/div>\n<\/div>\n\n\n\n<hr class=\"wp-block-separator has-alpha-channel-opacity is-style-dots\"\/>\n","protected":false},"excerpt":{"rendered":"<p>\u00abAntes que curar, debemos aprender a prevenir\u00bb Platicas de ense\u00f1anza y capacitaci\u00f3n Te invitamos a que revises nuestro calendario: Talleres &#8211; Rehabilitaci\u00f3n &#8211; Proyectos Te invitamos a que revises nuestro calendario:<\/p>\n","protected":false},"author":3,"featured_media":0,"parent":0,"menu_order":0,"comment_status":"closed","ping_status":"closed","template":"","meta":{"_uag_custom_page_level_css":"","footnotes":""},"class_list":["post-810","page","type-page","status-publish","hentry"],"uagb_featured_image_src":{"full":false,"thumbnail":false,"medium":false,"medium_large":false,"large":false,"1536x1536":false,"2048x2048":false},"uagb_author_info":{"display_name":"Enrique G\u00f3mez","author_link":"https:\/\/ezolli.org.mx\/index.php\/author\/adminezolli\/"},"uagb_comment_info":0,"uagb_excerpt":"\u00abAntes que curar, debemos aprender a prevenir\u00bb Platicas de ense\u00f1anza y capacitaci\u00f3n Te invitamos a que revises nuestro calendario: Talleres &#8211; Rehabilitaci\u00f3n &#8211; Proyectos Te invitamos a que revises nuestro calendario:","_links":{"self":[{"href":"https:\/\/ezolli.org.mx\/index.php\/wp-json\/wp\/v2\/pages\/810","targetHints":{"allow":["GET"]}}],"collection":[{"href":"https:\/\/ezolli.org.mx\/index.php\/wp-json\/wp\/v2\/pages"}],"about":[{"href":"https:\/\/ezolli.org.mx\/index.php\/wp-json\/wp\/v2\/types\/page"}],"author":[{"embeddable":true,"href":"https:\/\/ezolli.org.mx\/index.php\/wp-json\/wp\/v2\/users\/3"}],"replies":[{"embeddable":true,"href":"https:\/\/ezolli.org.mx\/index.php\/wp-json\/wp\/v2\/comments?post=810"}],"version-history":[{"count":16,"href":"https:\/\/ezolli.org.mx\/index.php\/wp-json\/wp\/v2\/pages\/810\/revisions"}],"predecessor-version":[{"id":1756,"href":"https:\/\/ezolli.org.mx\/index.php\/wp-json\/wp\/v2\/pages\/810\/revisions\/1756"}],"wp:attachment":[{"href":"https:\/\/ezolli.org.mx\/index.php\/wp-json\/wp\/v2\/media?parent=810"}],"curies":[{"name":"wp","href":"https:\/\/api.w.org\/{rel}","templated":true}]}}