{"id":1493,"date":"2026-02-03T03:17:25","date_gmt":"2026-02-03T03:17:25","guid":{"rendered":"https:\/\/ezolli.org.mx\/?page_id=1493"},"modified":"2026-04-04T22:26:06","modified_gmt":"2026-04-04T22:26:06","slug":"actividades-2026-2","status":"publish","type":"page","link":"https:\/\/ezolli.org.mx\/index.php\/actividades-2026-2\/","title":{"rendered":"Actividades 2026"},"content":{"rendered":"\n<div class=\"wp-block-uagb-advanced-heading uagb-block-b9792d1a\"><h2 class=\"uagb-heading-text\">DOMINGO 29 DE MARZO.<\/h2><\/div>\n\n\n\n<div class=\"wp-block-uagb-container uagb-block-4e04fb14 alignfull uagb-is-root-container\"><div class=\"uagb-container-inner-blocks-wrap\">\n<div class=\"wp-block-uagb-container uagb-block-c00ebcb5\">\n<figure class=\"wp-block-gallery has-nested-images columns-default is-cropped wp-block-gallery-1 is-layout-flex wp-block-gallery-is-layout-flex\">\n<figure class=\"wp-block-image aligncenter size-large\"><img loading=\"lazy\" decoding=\"async\" width=\"768\" height=\"1024\" data-id=\"1612\" src=\"https:\/\/ezolli.org.mx\/wp-content\/uploads\/2026\/03\/Platica-de-Psicologia-1-768x1024.png\" alt=\"\" class=\"wp-image-1612\" srcset=\"https:\/\/ezolli.org.mx\/wp-content\/uploads\/2026\/03\/Platica-de-Psicologia-1-768x1024.png 768w, https:\/\/ezolli.org.mx\/wp-content\/uploads\/2026\/03\/Platica-de-Psicologia-1-225x300.png 225w, https:\/\/ezolli.org.mx\/wp-content\/uploads\/2026\/03\/Platica-de-Psicologia-1-1152x1536.png 1152w, https:\/\/ezolli.org.mx\/wp-content\/uploads\/2026\/03\/Platica-de-Psicologia-1-1536x2048.png 1536w, https:\/\/ezolli.org.mx\/wp-content\/uploads\/2026\/03\/Platica-de-Psicologia-1.png 1728w\" sizes=\"auto, (max-width: 768px) 100vw, 768px\" \/><\/figure>\n<\/figure>\n<\/div>\n\n\n\n<div class=\"wp-block-uagb-container uagb-block-a68e3237\">\n<figure class=\"wp-block-gallery has-nested-images columns-default is-cropped wp-block-gallery-2 is-layout-flex wp-block-gallery-is-layout-flex\">\n<figure class=\"wp-block-image aligncenter size-large\"><img loading=\"lazy\" decoding=\"async\" width=\"768\" height=\"1024\" data-id=\"1690\" src=\"https:\/\/ezolli.org.mx\/wp-content\/uploads\/2026\/03\/3-768x1024.png\" alt=\"\" class=\"wp-image-1690\" srcset=\"https:\/\/ezolli.org.mx\/wp-content\/uploads\/2026\/03\/3-768x1024.png 768w, https:\/\/ezolli.org.mx\/wp-content\/uploads\/2026\/03\/3-225x300.png 225w, https:\/\/ezolli.org.mx\/wp-content\/uploads\/2026\/03\/3-1152x1536.png 1152w, https:\/\/ezolli.org.mx\/wp-content\/uploads\/2026\/03\/3-1536x2048.png 1536w, https:\/\/ezolli.org.mx\/wp-content\/uploads\/2026\/03\/3.png 1728w\" sizes=\"auto, (max-width: 768px) 100vw, 768px\" \/><\/figure>\n<\/figure>\n<\/div>\n<\/div><\/div>\n\n\n\n<div class=\"wp-block-uagb-container uagb-block-188e43d2 alignfull uagb-is-root-container\"><div class=\"uagb-container-inner-blocks-wrap\">\n<div class=\"wp-block-uagb-container uagb-block-4a3664b5\">\n<figure class=\"wp-block-image aligncenter size-large\"><img loading=\"lazy\" decoding=\"async\" width=\"1728\" height=\"2304\" src=\"https:\/\/ezolli.org.mx\/wp-content\/uploads\/2026\/03\/4-768x1024.png\" alt=\"\" class=\"wp-image-1691\" srcset=\"https:\/\/ezolli.org.mx\/wp-content\/uploads\/2026\/03\/4-768x1024.png 768w, https:\/\/ezolli.org.mx\/wp-content\/uploads\/2026\/03\/4-225x300.png 225w, https:\/\/ezolli.org.mx\/wp-content\/uploads\/2026\/03\/4-1152x1536.png 1152w, https:\/\/ezolli.org.mx\/wp-content\/uploads\/2026\/03\/4-1536x2048.png 1536w, https:\/\/ezolli.org.mx\/wp-content\/uploads\/2026\/03\/4.png 1728w\" sizes=\"auto, (max-width: 1728px) 100vw, 1728px\" \/><\/figure>\n<\/div>\n\n\n\n<div class=\"wp-block-uagb-container uagb-block-e711af05\">\n<figure class=\"wp-block-gallery has-nested-images columns-default is-cropped wp-block-gallery-3 is-layout-flex wp-block-gallery-is-layout-flex\">\n<figure class=\"wp-block-image size-large\"><img loading=\"lazy\" decoding=\"async\" width=\"768\" height=\"1024\" data-id=\"1692\" src=\"https:\/\/ezolli.org.mx\/wp-content\/uploads\/2026\/03\/2-768x1024.png\" alt=\"\" class=\"wp-image-1692\" srcset=\"https:\/\/ezolli.org.mx\/wp-content\/uploads\/2026\/03\/2-768x1024.png 768w, https:\/\/ezolli.org.mx\/wp-content\/uploads\/2026\/03\/2-225x300.png 225w, https:\/\/ezolli.org.mx\/wp-content\/uploads\/2026\/03\/2-1152x1536.png 1152w, https:\/\/ezolli.org.mx\/wp-content\/uploads\/2026\/03\/2-1536x2048.png 1536w, https:\/\/ezolli.org.mx\/wp-content\/uploads\/2026\/03\/2.png 1728w\" sizes=\"auto, (max-width: 768px) 100vw, 768px\" \/><\/figure>\n<\/figure>\n<\/div>\n<\/div><\/div>\n\n\n\n<div class=\"wp-block-uagb-container uagb-block-27915050 alignfull uagb-is-root-container\"><div class=\"uagb-container-inner-blocks-wrap\">\n<div class=\"wp-block-uagb-container uagb-block-f7681bc5\">\n<p><strong>Hola, amigas y amigos:<\/strong><\/p>\n\n\n\n<p class=\"has-small-font-size\" style=\"margin-top:0;margin-bottom:0\">El pasado <strong>domingo 29 de marzo<\/strong>, tuvimos el honor de contar con la valiosa presencia de la <strong>Mtra. Roxana Aide\u00e9 D\u00edaz Navarrete<\/strong>, quien nos comparti\u00f3 la conferencia titulada:<\/p>\n\n\n\n<p class=\"has-small-font-size\" style=\"margin-top:0;margin-bottom:0\"><strong>\u201cM\u00e1s autonom\u00eda, menos miedo. El arte de cuidar-se\u201d<\/strong><\/p>\n\n\n\n<p class=\"has-small-font-size\" style=\"margin-top:0;margin-bottom:0\">Fue un tema de gran relevancia para nuestras familias y cuidadores, ya que abord\u00f3 una realidad muy importante: la <strong>sobreprotecci\u00f3n hacia hijas e hijos con enfermedades de la coagulaci\u00f3n<\/strong>.<\/p>\n\n\n\n<p class=\"has-small-font-size\" style=\"margin-top:0;margin-bottom:0\">Durante esta enriquecedora charla, se reflexion\u00f3 sobre c\u00f3mo el cuidado excesivo, aunque nace del amor y la preocupaci\u00f3n, puede llegar a generar consecuencias importantes en el desarrollo emocional y social de la persona, tales como:<\/p>\n\n\n\n<ul class=\"wp-block-list\">\n<li class=\"has-small-font-size\" style=\"margin-top:0;margin-bottom:0\">limitaci\u00f3n en su autonom\u00eda,<\/li>\n\n\n\n<li class=\"has-small-font-size\">inseguridad,<\/li>\n\n\n\n<li class=\"has-small-font-size\">dependencia,<\/li>\n\n\n\n<li class=\"has-small-font-size\">baja autoestima,<\/li>\n\n\n\n<li class=\"has-small-font-size\">dificultad para tomar decisiones,<\/li>\n\n\n\n<li class=\"has-small-font-size\">problemas de integraci\u00f3n social, etc.<\/li>\n<\/ul>\n<\/div>\n\n\n\n<div class=\"wp-block-uagb-container uagb-block-6fdac3fc\">\n<p class=\"has-small-font-size\" style=\"margin-top:0;margin-bottom:0\">Estas situaciones, si no se identifican y atienden a tiempo, pueden acompa\u00f1ar a la persona hasta la vida adulta, afectando su bienestar y calidad de vida.<\/p>\n\n\n\n<p class=\"has-small-font-size\">Reconocer estas actitudes como madres, padres o cuidadores es fundamental, ya que permite comenzar a trabajar en soluciones que favorezcan un acompa\u00f1amiento m\u00e1s sano, equilibrado y consciente.<\/p>\n\n\n\n<p class=\"has-small-font-size\">Ser cuidador de una persona con una enfermedad de la coagulaci\u00f3n implica una gran responsabilidad; sin embargo, tambi\u00e9n es importante recordar que <strong>cuidar no significa limitar<\/strong>. Encontrar un punto de equilibrio entre la protecci\u00f3n y la autonom\u00eda es esencial para fortalecer su desarrollo, seguridad y bienestar integral.<\/p>\n\n\n\n<p class=\"has-small-font-size\">Agradecemos profundamente la participaci\u00f3n de profesionales como la <strong>Mtra. Roxana Aide\u00e9 D\u00edaz Navarrete<\/strong>, cuya orientaci\u00f3n y experiencia nos ayudan a comprender, atender y transformar estas problem\u00e1ticas, promoviendo un cuidado m\u00e1s humano, saludable y positivo para las personas con coagulopat\u00edas y sus familias.<\/p>\n\n\n\n<p class=\"has-text-align-center has-normal-font-size\" style=\"margin-top:0;margin-bottom:0\"><strong>\u00a1Gracias por compartir sus conocimientos con nuestra comunidad!<\/strong><\/p>\n<\/div>\n<\/div><\/div>\n\n\n\n<hr class=\"wp-block-separator aligncenter has-text-color has-alpha-channel-opacity has-background is-style-dots\" style=\"background-color:#f31e1e;color:#f31e1e\"\/>\n\n\n\n<div class=\"wp-block-uagb-advanced-heading uagb-block-4b49c984\"><h2 class=\"uagb-heading-text\"><strong>LUNES <\/strong>23 DE FEBRERO.<\/h2><\/div>\n\n\n\n<p><\/p>\n\n\n\n<div class=\"wp-block-uagb-container uagb-block-1e35c923 alignfull uagb-is-root-container\"><div class=\"uagb-container-inner-blocks-wrap\">\n<div class=\"wp-block-uagb-container uagb-block-0b4c9534\">\n<figure class=\"wp-block-image size-large\"><img loading=\"lazy\" decoding=\"async\" width=\"768\" height=\"1024\" src=\"https:\/\/ezolli.org.mx\/wp-content\/uploads\/2026\/03\/\u00a1Feliz-Cumpleanos-768x1024.png\" alt=\"\" class=\"wp-image-1568\" srcset=\"https:\/\/ezolli.org.mx\/wp-content\/uploads\/2026\/03\/\u00a1Feliz-Cumpleanos-768x1024.png 768w, https:\/\/ezolli.org.mx\/wp-content\/uploads\/2026\/03\/\u00a1Feliz-Cumpleanos-225x300.png 225w, https:\/\/ezolli.org.mx\/wp-content\/uploads\/2026\/03\/\u00a1Feliz-Cumpleanos-1152x1536.png 1152w, https:\/\/ezolli.org.mx\/wp-content\/uploads\/2026\/03\/\u00a1Feliz-Cumpleanos-1536x2048.png 1536w, https:\/\/ezolli.org.mx\/wp-content\/uploads\/2026\/03\/\u00a1Feliz-Cumpleanos.png 1728w\" sizes=\"auto, (max-width: 768px) 100vw, 768px\" \/><\/figure>\n<\/div>\n\n\n\n<div class=\"wp-block-uagb-container uagb-block-e982a373\">\n<figure class=\"wp-block-image size-large\"><img loading=\"lazy\" decoding=\"async\" width=\"768\" height=\"1024\" src=\"https:\/\/ezolli.org.mx\/wp-content\/uploads\/2026\/03\/\u00a1Feliz-Cumpleanos-B-768x1024.png\" alt=\"\" class=\"wp-image-1594\" srcset=\"https:\/\/ezolli.org.mx\/wp-content\/uploads\/2026\/03\/\u00a1Feliz-Cumpleanos-B-768x1024.png 768w, https:\/\/ezolli.org.mx\/wp-content\/uploads\/2026\/03\/\u00a1Feliz-Cumpleanos-B-225x300.png 225w, https:\/\/ezolli.org.mx\/wp-content\/uploads\/2026\/03\/\u00a1Feliz-Cumpleanos-B-1152x1536.png 1152w, https:\/\/ezolli.org.mx\/wp-content\/uploads\/2026\/03\/\u00a1Feliz-Cumpleanos-B-1536x2048.png 1536w, https:\/\/ezolli.org.mx\/wp-content\/uploads\/2026\/03\/\u00a1Feliz-Cumpleanos-B.png 1728w\" sizes=\"auto, (max-width: 768px) 100vw, 768px\" \/><\/figure>\n<\/div>\n<\/div><\/div>\n\n\n\n<div class=\"wp-block-uagb-advanced-heading uagb-block-125100d5\"><h2 class=\"uagb-heading-text\">\u00a1Felicitaciones a toda la comunidad que integra a EZOLLI A. C, y sigamos cumpliendo muchos a\u00f1os m\u00e1s!<\/h2><\/div>\n\n\n\n<hr class=\"wp-block-separator has-alpha-channel-opacity is-style-dots\"\/>\n\n\n\n<div class=\"wp-block-uagb-advanced-heading uagb-block-41fa9cf5\"><h2 class=\"uagb-heading-text\"><strong>DOMINGO 2<\/strong>2 DE FEBRERO.<\/h2><\/div>\n\n\n\n<div class=\"wp-block-uagb-container uagb-block-cf460fe1 alignfull uagb-is-root-container\"><div class=\"uagb-container-inner-blocks-wrap\">\n<div class=\"wp-block-uagb-container uagb-block-b2ad9cce\">\n<figure class=\"wp-block-gallery has-nested-images columns-default is-cropped wp-block-gallery-4 is-layout-flex wp-block-gallery-is-layout-flex\">\n<figure class=\"wp-block-image size-large\"><img loading=\"lazy\" decoding=\"async\" width=\"768\" height=\"1024\" data-id=\"1566\" src=\"https:\/\/ezolli.org.mx\/wp-content\/uploads\/2026\/03\/1er.-Taller-de-Autoinfusion-2026.-2-557-KB-768x1024.png\" alt=\"\" class=\"wp-image-1566\" srcset=\"https:\/\/ezolli.org.mx\/wp-content\/uploads\/2026\/03\/1er.-Taller-de-Autoinfusion-2026.-2-557-KB-768x1024.png 768w, https:\/\/ezolli.org.mx\/wp-content\/uploads\/2026\/03\/1er.-Taller-de-Autoinfusion-2026.-2-557-KB-225x300.png 225w, https:\/\/ezolli.org.mx\/wp-content\/uploads\/2026\/03\/1er.-Taller-de-Autoinfusion-2026.-2-557-KB.png 864w\" sizes=\"auto, (max-width: 768px) 100vw, 768px\" \/><\/figure>\n<\/figure>\n<\/div>\n\n\n\n<div class=\"wp-block-uagb-container uagb-block-cff1516c\">\n<figure class=\"wp-block-image aligncenter size-large\"><img loading=\"lazy\" decoding=\"async\" width=\"768\" height=\"1024\" src=\"https:\/\/ezolli.org.mx\/wp-content\/uploads\/2026\/03\/1er.-Taller-de-Autoinfusion-2026.-Paguina-Web-768x1024.png\" alt=\"\" class=\"wp-image-1596\" srcset=\"https:\/\/ezolli.org.mx\/wp-content\/uploads\/2026\/03\/1er.-Taller-de-Autoinfusion-2026.-Paguina-Web-768x1024.png 768w, https:\/\/ezolli.org.mx\/wp-content\/uploads\/2026\/03\/1er.-Taller-de-Autoinfusion-2026.-Paguina-Web-225x300.png 225w, https:\/\/ezolli.org.mx\/wp-content\/uploads\/2026\/03\/1er.-Taller-de-Autoinfusion-2026.-Paguina-Web-1152x1536.png 1152w, https:\/\/ezolli.org.mx\/wp-content\/uploads\/2026\/03\/1er.-Taller-de-Autoinfusion-2026.-Paguina-Web-1536x2048.png 1536w, https:\/\/ezolli.org.mx\/wp-content\/uploads\/2026\/03\/1er.-Taller-de-Autoinfusion-2026.-Paguina-Web.png 1728w\" sizes=\"auto, (max-width: 768px) 100vw, 768px\" \/><\/figure>\n<\/div>\n<\/div><\/div>\n\n\n\n<div class=\"wp-block-uagb-advanced-heading uagb-block-1d66174b\"><h2 class=\"uagb-heading-text\">                     Taller de Auto-Infusi\u00f3n.<\/h2><\/div>\n\n\n\n<p class=\"has-text-align-right has-vivid-cyan-blue-color has-text-color has-link-color wp-elements-5d8417fd627000ea16aa537cdb2a17b5\"><strong><u>Fortaleciendo conocimientos para una vida m\u00e1s segura.<\/u><\/strong><\/p>\n\n\n\n<p class=\"has-small-font-size\" style=\"margin-top:0;margin-bottom:0\">En nuestra asociaci\u00f3n llevamos a cabo una sesi\u00f3n pr\u00e1ctica de auto-infusi\u00f3n, dirigida a fortalecer las habilidades de nuestros participantes en la administraci\u00f3n segura de medicamentos por v\u00eda intravenosa relacionados con los tratamientos de la coagulaci\u00f3n.<\/p>\n\n\n\n<p class=\"has-small-font-size\" style=\"margin-top:0;margin-bottom:0\">Durante la actividad se revisaron los materiales e insumos necesarios, as\u00ed como las t\u00e9cnicas adecuadas de higiene, preparaci\u00f3n y reconstituci\u00f3n de los viales de prote\u00ednas de la coagulaci\u00f3n. Asimismo, se explic\u00f3 y practic\u00f3 la t\u00e9cnica de punci\u00f3n con aguja tipo mariposa para una correcta administraci\u00f3n del tratamiento.<\/p>\n\n\n\n<p class=\"has-small-font-size\" style=\"margin-top:0;margin-bottom:0\">Posteriormente, los participantes realizaron pr\u00e1cticas individuales supervisadas, logrando aplicar con \u00e9xito los conocimientos adquiridos gracias a la preparaci\u00f3n previa realizada con modelos de pr\u00e1ctica. Este ejercicio permiti\u00f3 reforzar su seguridad y confianza para la auto-administraci\u00f3n de sus medicamentos, as\u00ed como para poder brindar apoyo a otras personas que lo requieran.<\/p>\n\n\n\n<p class=\"has-small-font-size\">Nos llena de satisfacci\u00f3n ver el compromiso y entusiasmo de los participantes, quienes manifestaron su inter\u00e9s en continuar realizando este tipo de pr\u00e1cticas para seguir fortaleciendo sus conocimientos y habilidades en la auto-infusi\u00f3n.<\/p>\n\n\n\n<p><strong><mark style=\"background-color:rgba(0, 0, 0, 0);color:#0693e3\" class=\"has-inline-color\">Video de orientaci\u00f3n:<\/mark><\/strong><\/p>\n\n\n\n<div class=\"wp-block-buttons is-content-justification-center is-layout-flex wp-container-core-buttons-is-layout-a89b3969 wp-block-buttons-is-layout-flex\">\n<div class=\"wp-block-button\"><a class=\"wp-block-button__link wp-element-button\" href=\"https:\/\/ezolli.org.mx\/wp-content\/uploads\/2026\/03\/Auto-Infusion-de-Fc.VIIIr_.mp4\">Auto-Infusi\u00f3n de factor VIIIr.<\/a><\/div>\n<\/div>\n\n\n\n<hr class=\"wp-block-separator has-text-color has-black-color has-alpha-channel-opacity has-black-background-color has-background is-style-dots\"\/>\n\n\n\n<p class=\"has-text-align-center\" style=\"font-size:35px\"><strong>13 DE FEBRERO DEL 2026<\/strong><\/p>\n\n\n\n<div class=\"wp-block-uagb-container uagb-block-8ce37ada alignfull uagb-is-root-container\"><div class=\"uagb-container-inner-blocks-wrap\">\n<figure class=\"wp-block-image aligncenter size-large is-resized\"><img loading=\"lazy\" decoding=\"async\" width=\"791\" height=\"1024\" src=\"https:\/\/ezolli.org.mx\/wp-content\/uploads\/2026\/02\/Comunicado-a-nuestra-comunidad-791x1024.png\" alt=\"\" class=\"wp-image-1557\" style=\"width:489px;height:auto\" srcset=\"https:\/\/ezolli.org.mx\/wp-content\/uploads\/2026\/02\/Comunicado-a-nuestra-comunidad-791x1024.png 791w, https:\/\/ezolli.org.mx\/wp-content\/uploads\/2026\/02\/Comunicado-a-nuestra-comunidad-232x300.png 232w, https:\/\/ezolli.org.mx\/wp-content\/uploads\/2026\/02\/Comunicado-a-nuestra-comunidad-768x994.png 768w, https:\/\/ezolli.org.mx\/wp-content\/uploads\/2026\/02\/Comunicado-a-nuestra-comunidad-1187x1536.png 1187w, https:\/\/ezolli.org.mx\/wp-content\/uploads\/2026\/02\/Comunicado-a-nuestra-comunidad.png 1545w\" sizes=\"auto, (max-width: 791px) 100vw, 791px\" \/><\/figure>\n<\/div><\/div>\n\n\n\n<hr class=\"wp-block-separator has-alpha-channel-opacity is-style-dots\"\/>\n\n\n\n<div class=\"wp-block-uagb-advanced-heading uagb-block-d58e7cf6\"><h2 class=\"uagb-heading-text\"><strong>DOMINGO 25 DE ENERO.<\/strong><\/h2><\/div>\n\n\n\n<div class=\"wp-block-uagb-container uagb-block-1509e80c alignwide uagb-is-root-container\">\n<div class=\"wp-block-uagb-container uagb-block-6f0e0116\">\n<figure class=\"wp-block-image size-large\"><img loading=\"lazy\" decoding=\"async\" width=\"768\" height=\"1024\" src=\"https:\/\/ezolli.org.mx\/wp-content\/uploads\/2026\/01\/9a.-Asamblea-General-Ordinaria-2025-1-768x1024.png\" alt=\"\" class=\"wp-image-1430\" srcset=\"https:\/\/ezolli.org.mx\/wp-content\/uploads\/2026\/01\/9a.-Asamblea-General-Ordinaria-2025-1-768x1024.png 768w, https:\/\/ezolli.org.mx\/wp-content\/uploads\/2026\/01\/9a.-Asamblea-General-Ordinaria-2025-1-225x300.png 225w, https:\/\/ezolli.org.mx\/wp-content\/uploads\/2026\/01\/9a.-Asamblea-General-Ordinaria-2025-1-1152x1536.png 1152w, https:\/\/ezolli.org.mx\/wp-content\/uploads\/2026\/01\/9a.-Asamblea-General-Ordinaria-2025-1-1536x2048.png 1536w, https:\/\/ezolli.org.mx\/wp-content\/uploads\/2026\/01\/9a.-Asamblea-General-Ordinaria-2025-1.png 1728w\" sizes=\"auto, (max-width: 768px) 100vw, 768px\" \/><\/figure>\n<\/div>\n\n\n\n<div class=\"wp-block-uagb-container uagb-block-bc560a29\">\n<figure class=\"wp-block-image size-large\"><img loading=\"lazy\" decoding=\"async\" width=\"768\" height=\"1024\" src=\"https:\/\/ezolli.org.mx\/wp-content\/uploads\/2026\/03\/9a.-Asamblea-General-Ordinaria-2025-Paguina-Web-768x1024.png\" alt=\"\" class=\"wp-image-1599\" srcset=\"https:\/\/ezolli.org.mx\/wp-content\/uploads\/2026\/03\/9a.-Asamblea-General-Ordinaria-2025-Paguina-Web-768x1024.png 768w, https:\/\/ezolli.org.mx\/wp-content\/uploads\/2026\/03\/9a.-Asamblea-General-Ordinaria-2025-Paguina-Web-225x300.png 225w, https:\/\/ezolli.org.mx\/wp-content\/uploads\/2026\/03\/9a.-Asamblea-General-Ordinaria-2025-Paguina-Web-1152x1536.png 1152w, https:\/\/ezolli.org.mx\/wp-content\/uploads\/2026\/03\/9a.-Asamblea-General-Ordinaria-2025-Paguina-Web-1536x2048.png 1536w, https:\/\/ezolli.org.mx\/wp-content\/uploads\/2026\/03\/9a.-Asamblea-General-Ordinaria-2025-Paguina-Web.png 1728w\" sizes=\"auto, (max-width: 768px) 100vw, 768px\" \/><\/figure>\n<\/div>\n<\/div>\n\n\n\n<div class=\"wp-block-uagb-container uagb-block-c495dd2c alignfull uagb-is-root-container\"><div class=\"uagb-container-inner-blocks-wrap\">\n<figure class=\"wp-block-image size-large is-resized\"><img loading=\"lazy\" decoding=\"async\" width=\"1024\" height=\"512\" src=\"https:\/\/ezolli.org.mx\/wp-content\/uploads\/2026\/02\/9a.-Asamblea-General-Ordinaria-2025-2-1024x512.png\" alt=\"\" class=\"wp-image-1494\" style=\"width:1140px;height:auto\" srcset=\"https:\/\/ezolli.org.mx\/wp-content\/uploads\/2026\/02\/9a.-Asamblea-General-Ordinaria-2025-2-1024x512.png 1024w, https:\/\/ezolli.org.mx\/wp-content\/uploads\/2026\/02\/9a.-Asamblea-General-Ordinaria-2025-2-300x150.png 300w, https:\/\/ezolli.org.mx\/wp-content\/uploads\/2026\/02\/9a.-Asamblea-General-Ordinaria-2025-2-768x384.png 768w, https:\/\/ezolli.org.mx\/wp-content\/uploads\/2026\/02\/9a.-Asamblea-General-Ordinaria-2025-2-1536x768.png 1536w, https:\/\/ezolli.org.mx\/wp-content\/uploads\/2026\/02\/9a.-Asamblea-General-Ordinaria-2025-2-2048x1024.png 2048w\" sizes=\"auto, (max-width: 1024px) 100vw, 1024px\" \/><\/figure>\n<\/div><\/div>\n\n\n\n<p style=\"margin-top:var(--wp--preset--spacing--30);margin-bottom:var(--wp--preset--spacing--30)\"><strong>Hola a toda nuestra comunidad y amigos.<\/strong><\/p>\n\n\n\n<p class=\"has-small-font-size\" style=\"margin-top:0;margin-bottom:0\">Este domingo 25 de enero de 2026 dimos inicio, con el entusiasmo y compromiso que nos distinguen, a la&nbsp;<strong>Novena Asamblea General Ordinaria<\/strong>, contando con la participaci\u00f3n de nuestros beneficiarios y asistentes.<\/p>\n\n\n\n<p class=\"has-small-font-size\" style=\"margin-top:0;margin-bottom:0\">Conforme al orden del d\u00eda, se present\u00f3 el&nbsp;<strong>Informe Anual correspondiente al a\u00f1o 2025<\/strong>, en el que se realiz\u00f3 un recuento de las acciones, actividades y logros alcanzados en beneficio de todas las personas que acuden a nuestra asociaci\u00f3n. Asimismo, se compartieron noticias relevantes y, como parte fundamental de esta asamblea, se llev\u00f3 a cabo la&nbsp;<strong>ratificaci\u00f3n de los integrantes del Consejo Directivo, vocales y personal voluntario<\/strong>, quienes, gracias a su destacada colaboraci\u00f3n, fueron nuevamente comisionados para un nuevo a\u00f1o de trabajo y representaci\u00f3n.<\/p>\n\n\n\n<p class=\"has-small-font-size\" style=\"margin-top:0;margin-bottom:0\">Sin duda, fue una reuni\u00f3n de gran importancia, en la que se tomaron decisiones clave que marcar\u00e1n el rumbo de los proyectos y emprendimientos que estaremos desarrollando durante este nuevo a\u00f1o.<\/p>\n\n\n\n<p class=\"has-text-align-center has-small-font-size\" style=\"margin-top:0;margin-bottom:0\">Pronto les compartiremos m\u00e1s informaci\u00f3n.<br><strong>\u00a1Reciban un bendecido y extraordinario d\u00eda para todas y todos!<\/strong><\/p>\n\n\n\n<hr class=\"wp-block-separator has-text-color has-alpha-channel-opacity has-background is-style-dots\" style=\"background-color:#006d18;color:#006d18\"\/>\n","protected":false},"excerpt":{"rendered":"<p>DOMINGO 29 DE MARZO. Hola, amigas y amigos: El pasado domingo 29 de marzo, tuvimos el honor de contar con la valiosa presencia de la Mtra. Roxana Aide\u00e9 D\u00edaz Navarrete, quien nos comparti\u00f3 la conferencia titulada: \u201cM\u00e1s autonom\u00eda, menos miedo. El arte de cuidar-se\u201d Fue un tema de gran relevancia para nuestras familias y cuidadores, [&hellip;]<\/p>\n","protected":false},"author":3,"featured_media":0,"parent":0,"menu_order":0,"comment_status":"closed","ping_status":"closed","template":"","meta":{"_uag_custom_page_level_css":"","footnotes":""},"class_list":["post-1493","page","type-page","status-publish","hentry"],"uagb_featured_image_src":{"full":false,"thumbnail":false,"medium":false,"medium_large":false,"large":false,"1536x1536":false,"2048x2048":false},"uagb_author_info":{"display_name":"Enrique G\u00f3mez","author_link":"https:\/\/ezolli.org.mx\/index.php\/author\/adminezolli\/"},"uagb_comment_info":0,"uagb_excerpt":"DOMINGO 29 DE MARZO. Hola, amigas y amigos: El pasado domingo 29 de marzo, tuvimos el honor de contar con la valiosa presencia de la Mtra. Roxana Aide\u00e9 D\u00edaz Navarrete, quien nos comparti\u00f3 la conferencia titulada: \u201cM\u00e1s autonom\u00eda, menos miedo. El arte de cuidar-se\u201d Fue un tema de gran relevancia para nuestras familias y cuidadores,&hellip;","_links":{"self":[{"href":"https:\/\/ezolli.org.mx\/index.php\/wp-json\/wp\/v2\/pages\/1493","targetHints":{"allow":["GET"]}}],"collection":[{"href":"https:\/\/ezolli.org.mx\/index.php\/wp-json\/wp\/v2\/pages"}],"about":[{"href":"https:\/\/ezolli.org.mx\/index.php\/wp-json\/wp\/v2\/types\/page"}],"author":[{"embeddable":true,"href":"https:\/\/ezolli.org.mx\/index.php\/wp-json\/wp\/v2\/users\/3"}],"replies":[{"embeddable":true,"href":"https:\/\/ezolli.org.mx\/index.php\/wp-json\/wp\/v2\/comments?post=1493"}],"version-history":[{"count":37,"href":"https:\/\/ezolli.org.mx\/index.php\/wp-json\/wp\/v2\/pages\/1493\/revisions"}],"predecessor-version":[{"id":1767,"href":"https:\/\/ezolli.org.mx\/index.php\/wp-json\/wp\/v2\/pages\/1493\/revisions\/1767"}],"wp:attachment":[{"href":"https:\/\/ezolli.org.mx\/index.php\/wp-json\/wp\/v2\/media?parent=1493"}],"curies":[{"name":"wp","href":"https:\/\/api.w.org\/{rel}","templated":true}]}}